 is the remainder when 4358 is divided by 767?
523
What is the remainder when 4076 is divided by 910?
436
Calculate the remainder when 622 is divided by 310.
2
What is the remainder when 648 is divided by 207?
27
Calculate the remainder when 4008884 is divided by 19.
17
Calculate the remainder when 2253 is divided by 172.
17
Calculate the remainder when 493408 is divided by 694.
668
Calculate the remainder when 58123 is divided by 21.
16
Calculate the remainder when 7578 is divided by 7570.
8
What is the remainder when 12174 is divided by 12?
6
What is the remainder when 37001 is divided by 3695?
51
What is the remainder when 23551 is divided by 153?
142
Calculate the remainder when 23031 is divided by 1671.
1308
Calculate the remainder when 4672 is divided by 57.
55
Calculate the remainder when 6897 is divided by 1028.
729
Calculate the remainder when 15945 is divided by 183.
24
Calculate the remainder when 10799538 is divided by 26.
22
Calculate the remainder when 352819 is divided by 18569.
8
What is the remainder when 49404 is divided by 32?
28
What is the remainder when 2547 is divided by 58?
53
Calculate the remainder when 69764 is divided by 2405.
19
What is the remainder when 7059 is divided by 1221?
954
Calculate the remainder when 9291957 is divided by 180.
177
Calculate the remainder when 18776 is divided by 89.
86
What is the remainder when 5415 is divided by 150?
15
What is the remainder when 31697 is divided by 83?
74
Calculate the remainder when 66087 is divided by 5506.
15
Calculate the remainder when 54546 is divided by 126.
114
What is the remainder when 8385 is divided by 4192?
1
What is the remainder when 30542 is divided by 235?
227
What is the remainder when 576700 is divided by 26?
20
What is the remainder when 1230 is divided by 349?
183
What is the remainder when 1225 is divided by 1192?
33
What is the remainder when 12174 is divided by 1628?
778
Calculate the remainder when 17230 is divided by 1080.
1030
What is the remainder when 18897 is divided by 38?
11
Calculate the remainder when 557 is divided by 276.
5
Calculate the remainder when 206662 is divided by 218.
216
Calculate the remainder when 70637 is divided by 150.
137
Calculate the remainder when 8407 is divided by 489.
94
Calculate the remainder when 814428 is divided by 162885.
3
Calculate the remainder when 8516 is divided by 147.
137
What is the remainder when 48350 is divided by 154?
148
What is the remainder when 23560 is divided by 229?
202
Calculate the remainder when 93787 is divided by 24.
19
What is the remainder when 140154 is divided by 2459?
2450
Calculate the remainder when 16566 is divided by 345.
6
Calculate the remainder when 39963 is divided by 333.
3
What is the remainder when 10666136 is divided by 14?
12
What is the remainder when 7372 is divided by 85?
62
What is the remainder when 49532 is divided by 366?
122
Calculate the remainder when 4898 is divided by 1571.
185
Calculate the remainder when 161130 is divided by 21.
18
Calculate the remainder when 24171 is divided by 548.
59
What is the remainder when 233782 is divided by 102?
100
Calculate the remainder when 3960 is divided by 26.
8
Calculate the remainder when 1597432 is divided by 14.
4
Calculate the remainder when 208279 is divided by 29752.
15
What is the remainder when 570108 is divided by 142522?
20
What is the remainder when 224902 is divided by 426?
400
Calculate the remainder when 1502290 is divided by 989.
988
What is the remainder when 2779 is divided by 1882?
897
What is the remainder when 1150 is divided by 232?
222
What is the remainder when 37487 is divided by 9348?
95
Calculate the remainder when 3361 is divided by 71.
24
What is the remainder when 25792 is divided by 187?
173
Calculate the remainder when 8680 is divided by 1426.
124
Calculate the remainder when 32463 is divided by 58.
41
What is the remainder when 918 is divided by 87?
48
Calculate the remainder when 8969 is divided by 23.
22
Calculate the remainder when 2768001 is divided by 18.
15
Calculate the remainder when 1260514 is divided by 39391.
2
What is the remainder when 7304 is divided by 3649?
6
What is the remainder when 13544 is divided by 121?
113
Calculate the remainder when 23667 is divided by 1379.
224
Calculate the remainder when 1146 is divided by 278.
34
What is the remainder when 127876 is divided by 882?
868
Calculate the remainder when 42482 is divided by 42407.
75
What is the remainder when 387463 is divided by 518?
517
What is the remainder when 14035 is divided by 78?
73
Calculate the remainder when 3743 is divided by 173.
110
What is the remainder when 232240 is divided by 15?
10
What is the remainder when 5216 is divided by 168?
8
What is the remainder when 137470 is divided by 22911?
4
What is the remainder when 5679 is divided by 139?
119
What is the remainder when 1494 is divided by 1147?
347
What is the remainder when 1604597 is divided by 568?
565
Calculate the remainder when 64692 is divided by 282.
114
Calculate the remainder when 385672 is divided by 78.
40
What is the remainder when 1114114 is divided by 949?
937
What is the remainder when 603554 is divided by 86218?
28
Calculate the remainder when 26960 is divided by 23.
4
Calculate the remainder when 24819 is divided by 214.
209
Calculate the remainder when 1042 is divided by 97.
72
Calculate the remainder when 2450889 is divided by 2446.
2443
What is the remainder when 5618 is divided by 85?
8
Calculate the remainder when 16237 is divided by 2014.
125
Calculate the remainder when 44706 is divided by 181.
180
What is the remainder when 23699 is divided by 7564?
1007
What is the remainder when 44623 is divided by 125?
123
Calculate the remainder when 104231 is divided by 19.
16
What is the remainder when 322102 is divided by 80523?
10
Calculate the remainder when 23055 is divided by 9.
6
Calculate the remainder when 22075 is divided by 241.
144
Calculate the remainder when 58756 is divided by 29312.
132
Calculate the remainder when 2260 is divided by 750.
10
Calculate the remainder when 8826 is divided by 740.
686
What is the remainder when 1010047 is divided by 85?
77
What is the remainder when 33213 is divided by 11041?
90
What is the remainder when 1400 is divided by 1387?
13
Calculate the remainder when 2858 is divided by 26.
24
Calculate the remainder when 410421 is divided by 56.
53
Calculate the remainder when 1044475 is divided by 204.
199
Calculate the remainder when 91876 is divided by 18373.
11
Calculate the remainder when 35165 is divided by 341.
42
Calculate the remainder when 2594 is divided by 856.
26
What is the remainder when 1179279 is divided by 63?
45
Calculate the remainder when 182674 is divided by 19.
8
Calculate the remainder when 54730 is divided by 1174.
726
Calculate the remainder when 23662 is divided by 80.
62
What is the remainder when 10402 is divided by 9663?
739
What is the remainder when 883 is divided by 178?
171
What is the remainder when 81858 is divided by 4308?
6
What is the remainder when 25469 is divided by 236?
217
Calculate the remainder when 61768 is divided by 223.
220
Calculate the remainder when 6345 is divided by 196.
73
What is the remainder when 9574 is divided by 83?
29
Calculate the remainder when 5439 is divided by 422.
375
What is the remainder when 281 is divided by 264?
17
Calculate the remainder when 10642 is divided by 482.
38
What is the remainder when 20124 is divided by 136?
132
What is the remainder when 2264 is divided by 252?
248
Calculate the remainder when 3061 is divided by 609.
16
What is the remainder when 37114 is divided by 80?
74
Calculate the remainder when 7439 is divided by 20.
19
Calculate the remainder when 2798 is divided by 79.
33
Calculate the remainder when 627099 is divided by 156774.
3
Calculate the remainder when 1087 is divided by 298.
193
Calculate the remainder when 63159 is divided by 3007.
12
Calculate the remainder when 99221 is divided by 156.
5
Calculate the remainder when 148578 is divided by 49518.
24
What is the remainder when 28037 is divided by 136?
21
Calculate the remainder when 3203 is divided by 162.
125
Calculate the remainder when 26297 is divided by 292.
17
What is the remainder when 76225 is divided by 139?
53
What i